at is the greatest common divisor of 116 and 492976?
4
Calculate the greatest common factor of 487169 and 1819.
17
Calculate the highest common factor of 995 and 747709665.
995
What is the greatest common factor of 15282 and 3067154?
566
What is the greatest common divisor of 62 and 7392947580?
62
What is the highest common factor of 64 and 5744744?
8
Calculate the highest common divisor of 48 and 1591224.
24
Calculate the greatest common factor of 474381 and 198.
9
What is the greatest common divisor of 1685640 and 10536?
24
Calculate the highest common factor of 1184175 and 862578.
2493
What is the highest common factor of 626090 and 3656000?
4570
What is the highest common factor of 567224583 and 5055?
1011
What is the highest common divisor of 639 and 66984453?
639
What is the highest common factor of 191363 and 713?
31
What is the highest common divisor of 39 and 92792817?
39
What is the highest common divisor of 145553788 and 1532?
1532
What is the greatest common divisor of 20306657 and 56?
7
Calculate the highest common divisor of 1902409 and 628033.
1831
Calculate the greatest common factor of 18216 and 51304.
88
What is the highest common factor of 27521040 and 240?
240
What is the highest common divisor of 2837615 and 275?
55
Calculate the highest common divisor of 4951065 and 5681235.
6405
Calculate the highest common divisor of 187384 and 15576.
472
Calculate the greatest common factor of 33923231 and 16785.
373
Calculate the greatest common divisor of 384 and 55202244.
12
Calculate the highest common factor of 26337186 and 522.
18
What is the greatest common divisor of 2487 and 12120809?
829
Calculate the greatest common factor of 379 and 109029204.
379
Calculate the greatest common factor of 56832 and 420352.
512
What is the highest common factor of 21528 and 1050387?
897
Calculate the greatest common divisor of 1918 and 2299066.
14
What is the greatest common divisor of 301 and 48989857?
301
What is the highest common divisor of 40 and 151016?
8
What is the greatest common factor of 26237064 and 672?
168
What is the greatest common divisor of 7690380 and 240?
60
Calculate the highest common factor of 883569777 and 747.
249
What is the highest common factor of 370655 and 1690?
5
Calculate the greatest common factor of 14799062 and 50.
2
What is the highest common factor of 1 and 14846554?
1
Calculate the highest common factor of 11696 and 12519106.
1462
What is the highest common factor of 3567 and 59188420?
1189
What is the greatest common divisor of 7560 and 19915?
35
What is the highest common divisor of 4983 and 314512011?
4983
Calculate the highest common divisor of 9034311 and 1092.
39
What is the greatest common divisor of 14523 and 1400079?
309
Calculate the greatest common divisor of 7 and 1714254598.
7
What is the greatest common factor of 6325 and 221430775?
575
What is the greatest common divisor of 1392212459 and 2959?
2959
Calculate the highest common divisor of 121875 and 195625.
625
What is the greatest common divisor of 1101 and 201022782?
1101
What is the greatest common divisor of 8010 and 32472095?
445
What is the greatest common divisor of 165340 and 1225?
35
What is the highest common factor of 170816 and 301597?
2669
Calculate the highest common divisor of 32907075 and 75.
75
What is the highest common divisor of 32 and 31544264?
8
What is the highest common factor of 84120873 and 807?
807
Calculate the highest common factor of 1560 and 116149410.
390
What is the greatest common divisor of 2036 and 127551328?
2036
Calculate the greatest common divisor of 19215 and 34511970.
915
What is the highest common factor of 36 and 4168922436?
36
Calculate the highest common divisor of 6297 and 253939119.
6297
Calculate the highest common divisor of 9578446 and 68.
34
What is the highest common factor of 3026852 and 3268?
76
What is the highest common divisor of 71181084 and 656?
164
What is the highest common divisor of 3242410 and 70?
10
Calculate the greatest common factor of 2900 and 120911875.
725
Calculate the highest common factor of 868380800 and 2688.
896
What is the highest common divisor of 432 and 36173520?
432
Calculate the highest common divisor of 58768528 and 728.
728
What is the highest common divisor of 91160 and 262730?
430
Calculate the greatest common factor of 243 and 7260273.
81
What is the highest common factor of 371 and 3271362619?
371
Calculate the greatest common factor of 1153256 and 250120.
1352
Calculate the greatest common divisor of 1132914 and 1054.
34
What is the highest common divisor of 29269599 and 339?
339
What is the highest common factor of 35441 and 825020?
581
What is the highest common factor of 604 and 33684?
4
Calculate the highest common divisor of 425 and 20592100.
425
What is the highest common divisor of 1099 and 1463441?
7
What is the greatest common divisor of 487602181 and 2101?
2101
Calculate the greatest common divisor of 144975 and 45150.
75
Calculate the highest common factor of 26800 and 226127680.
5360
What is the highest common divisor of 293 and 164879304?
293
Calculate the greatest common divisor of 2246442 and 17187.
1011
What is the greatest common factor of 8494 and 118231?
137
Calculate the greatest common divisor of 4887849 and 254.
127
Calculate the highest common factor of 364949 and 2412.
67
What is the greatest common factor of 13224 and 33785?
29
Calculate the highest common divisor of 14 and 1057282856.
14
Calculate the highest common factor of 1188354 and 3348.
186
Calculate the greatest common divisor of 4835336 and 224158.
506
What is the highest common divisor of 459415600 and 94?
94
Calculate the highest common factor of 1073340 and 19167930.
8010
What is the highest common divisor of 8223126 and 6?
6
Calculate the highest common factor of 2204382 and 36.
6
What is the highest common factor of 1214700358 and 246?
82
What is the greatest common divisor of 412785 and 5325?
15
What is the highest common divisor of 4074 and 762198?
6
What is the greatest common factor of 299 and 189839?
13
Calculate the greatest common divisor of 3099 and 41517303.
3099
What is the greatest common factor of 6756449 and 1392?
29
Calculate the highest common factor of 488909260 and 1715.
245
Calculate the greatest common factor of 2189 and 107089661.
199
What is the highest common factor of 19170879 and 2730?
273
Calculate the highest common divisor of 12012 and 391908.
132
What is the highest common divisor of 170 and 1127411950?
170
Calculate the highest common factor of 580453 and 338363.
563
Calculate the highest common factor of 22385 and 134902.
37
Calculate the greatest common factor of 1182 and 16158.
6
What is the highest common factor of 72076 and 1570132?
148
What is the highest common factor of 221 and 436560?
17
What is the highest common factor of 2868950 and 17950?
50
Calculate the greatest common factor of 22806 and 10850769.
1629
What is the highest common factor of 926 and 7538?
2
Calculate the greatest common factor of 87028905 and 2685.
2685
Calculate the highest common divisor of 1816221 and 2739.
33
Calculate the greatest common factor of 9416 and 2337456.
88
Calculate the greatest common factor of 7890197 and 18459.
2051
Calculate the greatest common divisor of 55226 and 171409.
521
Calculate the greatest common factor of 143 and 162561997.
13
What is the greatest common divisor of 4 and 10220486?
2
Calculate the highest common factor of 32 and 8655632.
16
Calculate the greatest common divisor of 141997 and 5513.
149
What is the greatest common factor of 908 and 20402?
2
Calculate the highest common divisor of 24 and 42445257.
3
What is the highest common factor of 1632 and 1684000?
32
Calculate the greatest common factor of 229 and 109534593.
229
Calculate the highest common divisor of 38016 and 13957218.
594
What is the highest common factor of 4035 and 378017630?
1345
Calculate the highest common divisor of 6864 and 326832.
528
Calculate the greatest common divisor of 11417 and 491078.
49
What is the highest common factor of 569800 and 15484700?
7700
What is the highest common divisor of 10296000 and 31625?
1375
Calculate the highest common factor of 5930531 and 15.
1
What is the greatest common divisor of 458596179 and 18?
9
Calcul